et a = r - 8. Let h(w) = -w**2 + 6*w - 1. What are the prime factors of h(a)?
2
Let r(v) = 2*v**2 + 21*v + 29. Let i be r(-9). What are the prime factors of (15/i)/(14/308)?
3, 5, 11
What are the prime factors of (5/5*-1)/((-16)/944)?
59
What are the prime factors of -7 - (-7 - 594)*1?
2, 3, 11
Let l = 12 + -15. Let s be (-4)/l*(-18)/4. Let h = 2 - s. What are the prime factors of h?
2
List the prime factors of 167/11 - ((-48)/(-22) - 2).
3, 5
Suppose -5*p = h + 3 - 5, p - h + 2 = 0. Let t = p - -2. What are the prime factors of (14/35)/(t/200)?
2, 5
Let j = 14 - 8. Suppose j = 2*b + b. What are the prime factors of (-3 + b)*(2 + -16)?
2, 7
Let m(k) = 27*k - 7. List the prime factors of m(8).
11, 19
Suppose 16 + 3 = 2*h - 3*b, -h = -3*b - 17. Suppose h*p = 4*p - 28. Suppose -p = -4*s + 42. List the prime factors of s.
2, 7
Let y(w) = -w**2 + 12*w + 1. Let x be y(9). Let d = x + -16. Suppose 3*t - z - 35 = 0, -d - 53 = -5*t + 5*z. List the prime factors of t.
11
Suppose 0 = -15*r + 15 + 45. Suppose 290 = 5*m - r*y + 7, -4*y - 8 = 0. What are the prime factors of m?
5, 11
Suppose o = 4*b - 391, -4*b + 8*o + 387 = 3*o. What are the prime factors of b?
2, 7
Let l(j) = 6*j**2. Let z be l(1). Suppose 3*h = 4*c + 5, 4*h - 42 + z = -2*c. List the prime factors of h.
7
Let h(o) = o**3 - o**2 - 3*o + 2. Let g be h(3). Suppose 0 = 2*t + 6 - 0. Let f = t + g. What are the prime factors of f?
2
Suppose -6506 - 4534 = -30*x. List the prime factors of x.
2, 23
Let x(y) = 20*y**2 - 3*y - 2. What are the prime factors of x(-6)?
2, 23
Suppose 4*w = 4*b - 164, -4*w = 2*b + 2*b - 188. Suppose 2*s + 5*l = b, -s + l + 48 = 19. What are the prime factors of s?
3
List the prime factors of -4 - (-6 + -1 + -58).
61
Suppose -187 = -w + 841. List the prime factors of w.
2, 257
Suppose -3*x + 2*l + 2*l = -3173, 5296 = 5*x + l. List the prime factors of x.
3, 353
Suppose 0 = 3*s + 4*x - 7913, -2*x + 4275 = 2*s - 1001. List the prime factors of s.
7, 13, 29
Let i(b) = 4 - b - 6 + 13. Let p be i(11). Suppose p = -s + 15 + 9. List the prime factors of s.
2, 3
Let a(x) = 0*x + 1 + 2 - 7*x + 0. Let r be a(4). Let p = 50 + r. What are the prime factors of p?
5
Suppose -7 + 25 = -6*m. List the prime factors of (0 + m - (5 - 3))*-18.
2, 3, 5
Let d = -7433 - -12569. What are the prime factors of d?
2, 3, 107
Suppose 17*w = -369 + 930. List the prime factors of w.
3, 11
Let i(k) = 25*k**2 + 6*k - 1. Let c be i(-5). Suppose -3*d + c = -2*u, 0*d + 2*d = -4*u + 396. List the prime factors of d.
2, 3, 11
Let y(z) = z**2 - 4*z - 24. What are the prime factors of y(-6)?
2, 3
Suppose 19 = -0*i + 2*i + 3*g, -2*g + 1 = -i. Suppose -4*n - a - 2*a + 409 = 0, -5*n = i*a - 510. List the prime factors of n.
103
Let u(n) = 121*n - 177. List the prime factors of u(10).
1033
Suppose 0 = n - 2*r - 64, -5*n + 3*r = -r - 314. What are the prime factors of n?
2, 31
Let k(n) = -n**3 - 6*n**2 + n - 17. Let p be k(-6). Let d be (5 + 4)/(6/4). Let s = d - p. List the prime factors of s.
29
Let j(q) = q**2 - 30*q - 66. What are the prime factors of j(-55)?
11, 419
Let m(j) = 3*j**3 + 23*j**2 + 14*j + 2. Let f(z) = 2*z**3 + 15*z**2 + 9*z + 1. Let k(x) = -7*f(x) + 5*m(x). List the prime factors of k(-7).
101
Suppose -3*j + 3 + 3 = 0. Suppose j*y - 3 = 1. Suppose 5*m = -2*i + 108, -i - 109 = -5*m - y*i. What are the prime factors of m?
2, 11
Let d(p) = -p**2 - 5*p + 2. Let h be d(-5). Suppose 3*c + h = -4. Let u(t) = -28*t + 3. What are the prime factors of u(c)?
59
Suppose -4*d = 5*w - 2293, -16 + 1 = -3*w. List the prime factors of d.
3, 7
Let p(a) = 4*a**2 + 19*a - 2. Let i be p(-14). Suppose -4*n + 2*u + i = 0, -2*n - n + 3*u + 393 = 0. List the prime factors of n.
127
Suppose -7 = 2*y - 9*y. Let x(v) be the third derivative of v**4/24 + v**3/6 - v**2. What are the prime factors of x(y)?
2
Let s(i) be the third derivative of 5*i**2 + 0 - 1/3*i**3 + 0*i + 1/24*i**4 + 1/60*i**5. What are the prime factors of s(4)?
2, 3
What are the prime factors of (19 - 7) + (-3852)/(-6)?
2, 3, 109
Suppose -3*q = 3*y - 408, q = -4*y + 409 + 135. Let a = y - 133. List the prime factors of a.
3
Suppose -5 = 14*x - 15*x. List the prime factors of 42/70 + 272/x.
5, 11
Suppose 4282 = 8*m + 298. What are the prime factors of m?
2, 3, 83
Let b(r) = 9*r - 1. Let s be ((-2)/8)/(2/8). Let l be b(s). Let o = l + 32. List the prime factors of o.
2, 11
Let h(n) = -2*n + 21. Let c be h(-15). Suppose 0 = i - c - 16. List the prime factors of i.
67
Let h(k) = -15*k + 103. What are the prime factors of h(-19)?
2, 97
Let m be 45/(-105) - (-969)/7. Suppose 4*h - 82 = m. What are the prime factors of h?
5, 11
Suppose -j + g = -454, -32*g = -34*g - 6. List the prime factors of j.
11, 41
Suppose 0 = s + 3, 2*n - 72 = -2*s + 938. List the prime factors of n.
2, 127
List the prime factors of (-2)/(9 + -4 - 3)*-589.
19, 31
Suppose -o = k + 103, -o - 3*o - 422 = -k. Let h = o + 192. List the prime factors of h.
3, 29
Let t(r) = -r**3 - 34*r**2 + 11*r - 62. List the prime factors of t(-35).
2, 389
Let f(l) = 11*l + 26. Let u be f(-4). Let c(o) = o**2 + 16*o - 23. List the prime factors of c(u).
13
Suppose 3*f - 2*w - 4005 + 886 = 0, -f = -6*w - 1061. List the prime factors of f.
17, 61
Let u(o) = -o**3 + 26*o**2 - 28*o - 22. What are the prime factors of u(24)?
2, 229
Let l(m) = 2*m - 3*m - 3*m - 26 - m. List the prime factors of l(-21).
79
What are the prime factors of 84/72 + (-46563)/(-18)?
2, 647
Let d = 912 - 167. What are the prime factors of d?
5, 149
Suppose -317*j + 2560 = -313*j. What are the prime factors of j?
2, 5
Let j(z) = 17*z - 27. Let u(w) = 8*w - 13. Let v(o) = -4*j(o) + 9*u(o). Let l be v(7). Suppose -5*k + l = -1. List the prime factors of k.
2
Let u be ((-2)/(-4))/1*-4 + 36. Suppose o + 3*q = -q + u, -2*o + 68 = 4*q. What are the prime factors of o?
2, 17
Let n = 2103 + -1474. What are the prime factors of n?
17, 37
Suppose 0 = 7*t - 3*t + 3*h - 1430, h = -3*t + 1070. What are the prime factors of t?
2, 89
Let p(u) = -u**2 + 5*u + 1. Let g be p(3). Suppose 2*j + 4*y = 26, -4*j + g = -3*y - 1. Let b = 13 - j. What are the prime factors of b?
2
Suppose 0 = y - 8 - 76. List the prime factors of (y/8)/(-7)*-102.
3, 17
Let r be 0 - (-4 + 2)*170. Let q = -160 + r. Suppose -q = -3*u - 2*u. List the prime factors of u.
2, 3
Suppose 6 = t + 1. Suppose -z - z - 229 = -t*y, -3*y - 3*z + 150 = 0. What are the prime factors of y?
47
Let n be ((-9)/(-27))/(2/18). Let j(u) = 6*u**3 - 12*u - 2. What are the prime factors of j(n)?
2, 31
Suppose -g + 1077 = -k, -18*k + 5420 = 5*g - 16*k. What are the prime factors of g?
2, 541
Suppose -3*z + 3283 + 1514 = 0. List the prime factors of z.
3, 13, 41
Let u be (676/88 - (-2)/(-11))*2. Suppose -u = 2*f - 139. List the prime factors of f.
2, 31
Suppose 56 = -3*d - 4*d. Let z be 33/(-22)*d/3. Suppose 91 = z*k - 129. What are the prime factors of k?
5, 11
Let z(u) = 7*u + 4. Let f be z(-2). Let m = -11 - f. Let h = 7 + m. List the prime factors of h.
2, 3
Let q(p) = 20*p**3 - 18*p**2 + 15*p - 4. List the prime factors of q(6).
2, 1879
Let l(r) = 23*r - 17. Let m be l(5). Suppose -6*w - m = w. Let q = 0 - w. List the prime factors of q.
2, 7
List the prime factors of (-111)/(-9)*-27*4/(-3).
2, 3, 37
Suppose -d = -2*t + 16, d + 12 = -3*t - 29. Let b = d + 50. Suppose l = s + b, 2*s + 0*s - 72 = -3*l. List the prime factors of l.
2, 3
Let f(y) = y**3 + 11*y**2 - 8. Let r be f(-11). Let a be 28/r*(2 + 0). Let t = a - -20. What are the prime factors of t?
13
Suppose -900 - 461 = -3*u + a, -2*u = -2*a - 902. What are the prime factors of u?
5, 7, 13
Suppose 0 = -0*v - v. Suppose v = 2*w + a, a = 4*w - 11 - 1. List the prime factors of w*25*11/22.
5
Suppose -4*l = l + 5. Let i(g) = -55*g - 1. Let f be i(l). Let x = f - 29. What are the prime factors of x?
5
Let t = -168 - -250. Let f be 22 + 0/(9/(-3)). Let k = t - f. What are the prime factors of k?
2, 3, 5
Let y(q) = q**2 - 17*q - 8. Let f(w) = w**3 + 17*w**2 + 15*w + 3. Let a be f(-16). List the prime factors of y(a).
2, 3, 5
Let k = 284 + -200. Suppose 0 = -l + 2*p - k + 241, -3*p - 618 = -4*l. List the prime factors of l.
3, 17
Let p(b) = -45*b + 251. What are the prime factors of p(-5)?
2, 7, 17
Suppose u = -0 + 91. List the prime factors of u.
7, 13
S